{"id":132,"date":"2016-09-28T19:04:32","date_gmt":"2016-09-28T17:04:32","guid":{"rendered":"http:\/\/golfprodiscount.de\/dev\/?page_id=132"},"modified":"2016-09-29T09:43:50","modified_gmt":"2016-09-29T07:43:50","slug":"fitting-koerpergroesse-165-169cm-schritt-2","status":"publish","type":"page","link":"https:\/\/golfprodiscount.de\/dev\/fitting-koerpergroesse-165-169cm-schritt-2\/","title":{"rendered":"Fitting K\u00f6rpergr\u00f6\u00dfe 165-169cm &#8211; Schritt 2"},"content":{"rendered":"<p>Bitte stellen Sie sich gerade hin und messen den Abstand zwischen dem Beginn Ihres Handgelenks und dem Fu\u00dfboden. Sie sollten dabei idealerweise Ihre Golfschuhe oder anderes normales Schuhwerk tragen.<\/p>\n<p>Blicken Sie gerade nach vorne, stehen Sie entspannt, lassen Sie die Arme locker.<\/p>\n<p>Rechtsh\u00e4nder messen den Abstand der linken Hand, Linksh\u00e4nder den Abstand der rechten Hand &#8211; die Hilfe einer zweiten Person ist hilfreich.<\/p>\n<p>Bitte klicken Sie auf das erzielte Ergebnis:<\/p>\n<p><a href=\"http:\/\/golfprodiscount.de\/dev\/ihre-individuelle-schaftlaenge-beim-clubfitting-standard\/\">97cm-105cm<\/a><br \/>\n<a href=\"http:\/\/golfprodiscount.de\/dev\/ergebnis-kuerzung-des-schafts-um-025-inch\/\">92cm-96cm<\/a><br \/>\n<a href=\"http:\/\/golfprodiscount.de\/dev\/ergebnis-kuerzung-des-schafts-um-05-inch-2\/\">87cm-91cm<\/a><br \/>\n<a href=\"http:\/\/golfprodiscount.de\/dev\/ergebnis-kuerzung-des-schafts-um-1-inch-2\/\">81cm-86cm<\/a><\/p>\n<p><strong>Wussten Sie schon?<\/strong><br \/>\nObwohl der Putter an sich der wichtigste Schl\u00e4ger im Spiel ist, hat man normalerweise nur einen im Satz. Deswegen ist gerade bei der Auswahl dieses Schl\u00e4gers besondere Sorgfalt geboten und man sollte gerade an ihm nicht sparen. Daher haben wir auch besonders viele Putter in unserem Angebot!<\/p>\n","protected":false},"excerpt":{"rendered":"<p>Bitte stellen Sie sich gerade hin und messen den Abstand zwischen dem Beginn Ihres Handgelenks und dem Fu\u00dfboden. Sie sollten dabei idealerweise Ihre Golfschuhe oder anderes normales Schuhwerk tragen. Blicken Sie gerade nach vorne, stehen Sie entspannt, lassen Sie die Arme locker. Rechtsh\u00e4nder messen den Abstand der linken Hand, Linksh\u00e4nder den Abstand der rechten Hand &#8211; die Hilfe einer zweiten [&hellip;]<\/p>\n","protected":false},"author":1,"featured_media":0,"parent":0,"menu_order":0,"comment_status":"closed","ping_status":"closed","template":"","meta":[],"_links":{"self":[{"href":"https:\/\/golfprodiscount.de\/dev\/wp-json\/wp\/v2\/pages\/132"}],"collection":[{"href":"https:\/\/golfprodiscount.de\/dev\/wp-json\/wp\/v2\/pages"}],"about":[{"href":"https:\/\/golfprodiscount.de\/dev\/wp-json\/wp\/v2\/types\/page"}],"author":[{"embeddable":true,"href":"https:\/\/golfprodiscount.de\/dev\/wp-json\/wp\/v2\/users\/1"}],"replies":[{"embeddable":true,"href":"https:\/\/golfprodiscount.de\/dev\/wp-json\/wp\/v2\/comments?post=132"}],"version-history":[{"count":5,"href":"https:\/\/golfprodiscount.de\/dev\/wp-json\/wp\/v2\/pages\/132\/revisions"}],"predecessor-version":[{"id":164,"href":"https:\/\/golfprodiscount.de\/dev\/wp-json\/wp\/v2\/pages\/132\/revisions\/164"}],"wp:attachment":[{"href":"https:\/\/golfprodiscount.de\/dev\/wp-json\/wp\/v2\/media?parent=132"}],"curies":[{"name":"wp","href":"https:\/\/api.w.org\/{rel}","templated":true}]}}