{"id":64,"date":"2016-09-28T11:13:03","date_gmt":"2016-09-28T09:13:03","guid":{"rendered":"http:\/\/golfprodiscount.de\/dev\/?page_id=64"},"modified":"2016-09-28T17:16:14","modified_gmt":"2016-09-28T15:16:14","slug":"informationen-service","status":"publish","type":"page","link":"https:\/\/golfprodiscount.de\/dev\/informationen-service\/","title":{"rendered":"Informationen &#038; Service"},"content":{"rendered":"<p>Clubfitting, die Ma\u00dfanfertigung von Golfschl\u00e4gern, ist in den USA schon sehr verbreitet und wird auch hierzulande immer beliebter. Es ist eben wie bei einem Ma\u00dfanzug oder Schuhen: je genauer die Anpassung an den eigenen K\u00f6rper ist, um so besser. Wir haben sehr viele Schl\u00e4ger im Angebot, darunter alle angebotenen Clones, bei denen eine Anpassung m\u00f6glich ist. Auf den folgenden Seiten erfahren Sie, welche Eigenschaften eines Golfschl\u00e4gers ideal f\u00fcr Sie sind.<\/p>\n<p><strong>Clubfitting in vier Schritten<\/strong><\/p>\n<p><strong>1. Bestimmung der Schl\u00e4gerl\u00e4nge<\/strong><\/p>\n<p>Die Schl\u00e4gerl\u00e4nge ist mit der wichtigste Faktor bei der Auswahl Ihres individuellen Schl\u00e4gers. Mithilfe unseres einfachen Assistenten erfahren Sie schnell und einfach, welche Schl\u00e4gerl\u00e4nge zu Ihnen passt:<\/p>\n<p><a href=\"http:\/\/golfprodiscount.de\/dev\/bestimmung-der-schlaegerlaenge-fuer-herren-schritt-1\/\">>> Bestimmung der Schl\u00e4gerl\u00e4nge f\u00fcr Herren<\/a><br \/>\n<a href=\"http:\/\/golfprodiscount.de\/dev\/bestimmung-de-schlaegerlaenge-fuer-damen-schritt-1\/\">>> Bestimmung der Schl\u00e4ger\u00e4nge f\u00fcr Damen<\/a><\/p>\n<p><strong>2. Wahl des richtigen Schafts<\/strong><\/p>\n<p>Welcher Schaft ist der richtige hier? Unser Schaft-Ratgeber sorgt f\u00fcr Klarheit.<\/p>\n<p><a href=\"http:\/\/golfprodiscount.de\/dev\/welcher-schaft-ist-der-richtige-fuer-sie\/\">>> Welchen Schaft ausw\u00e4hlen?<\/a><\/p>\n<p><strong>3. Wahl des richtigen Griffs<\/strong><\/p>\n<p><strong>4. Feinanpassungen<\/strong><\/p>\n<p>Besonderheiten bei Schl\u00e4gertypen<br \/>\n<a href=\"http:\/\/golfprodiscount.de\/dev\/fitting-beim-putter\/\">>> Fitting beim Putter<\/a><\/p>\n","protected":false},"excerpt":{"rendered":"<p>Clubfitting, die Ma\u00dfanfertigung von Golfschl\u00e4gern, ist in den USA schon sehr verbreitet und wird auch hierzulande immer beliebter. Es ist eben wie bei einem Ma\u00dfanzug oder Schuhen: je genauer die Anpassung an den eigenen K\u00f6rper ist, um so besser. Wir haben sehr viele Schl\u00e4ger im Angebot, darunter alle angebotenen Clones, bei denen eine Anpassung m\u00f6glich ist. Auf den folgenden Seiten [&hellip;]<\/p>\n","protected":false},"author":1,"featured_media":0,"parent":0,"menu_order":0,"comment_status":"closed","ping_status":"closed","template":"","meta":[],"_links":{"self":[{"href":"https:\/\/golfprodiscount.de\/dev\/wp-json\/wp\/v2\/pages\/64"}],"collection":[{"href":"https:\/\/golfprodiscount.de\/dev\/wp-json\/wp\/v2\/pages"}],"about":[{"href":"https:\/\/golfprodiscount.de\/dev\/wp-json\/wp\/v2\/types\/page"}],"author":[{"embeddable":true,"href":"https:\/\/golfprodiscount.de\/dev\/wp-json\/wp\/v2\/users\/1"}],"replies":[{"embeddable":true,"href":"https:\/\/golfprodiscount.de\/dev\/wp-json\/wp\/v2\/comments?post=64"}],"version-history":[{"count":8,"href":"https:\/\/golfprodiscount.de\/dev\/wp-json\/wp\/v2\/pages\/64\/revisions"}],"predecessor-version":[{"id":107,"href":"https:\/\/golfprodiscount.de\/dev\/wp-json\/wp\/v2\/pages\/64\/revisions\/107"}],"wp:attachment":[{"href":"https:\/\/golfprodiscount.de\/dev\/wp-json\/wp\/v2\/media?parent=64"}],"curies":[{"name":"wp","href":"https:\/\/api.w.org\/{rel}","templated":true}]}}