{"id":99,"date":"2016-09-28T17:11:25","date_gmt":"2016-09-28T15:11:25","guid":{"rendered":"http:\/\/golfprodiscount.de\/dev\/?page_id=99"},"modified":"2016-09-28T19:09:18","modified_gmt":"2016-09-28T17:09:18","slug":"bestimmung-der-schlaegerlaenge-fuer-herren-schritt-1","status":"publish","type":"page","link":"https:\/\/golfprodiscount.de\/dev\/bestimmung-der-schlaegerlaenge-fuer-herren-schritt-1\/","title":{"rendered":"Bestimmung der Schl\u00e4gerl\u00e4nge f\u00fcr Herren &#8211; Schritt 1"},"content":{"rendered":"<p>Die richtige Schaftl\u00e4nge f\u00fcr Ihren individuellen Golfschl\u00e4ger erfahren Sie in zwei Schritten. Au\u00dferdem geben wir Ihnen ausgehend von diesen Angaben eine Empfehlung f\u00fcr den richtigen Lie.<br \/>\nBitte verraten Sie uns zuerst Ihre K\u00f6rpergr\u00f6\u00dfe:<\/p>\n<p><a href=\"http:\/\/golfprodiscount.de\/dev\/fitting-koerpergroesse-160-164cm-schritt-2\/\">160cm bis 164cm<\/a><br \/>\n<a href=\"http:\/\/golfprodiscount.de\/dev\/fitting-koerpergroesse-165-169cm-schritt-2\/\">165cm bis 169cm<\/a><br \/>\n<a href=\"http:\/\/golfprodiscount.de\/dev\/fitting-koerpergroesse-170-174cm-schritt-2\/\">170cm bis 174cm<\/a><br \/>\n<a href=\"http:\/\/golfprodiscount.de\/dev\/fitting-koerpergroesse-175-184cm-schritt-2\/\">175cm bis 184cm<\/a><br \/>\n<a href=\"http:\/\/golfprodiscount.de\/dev\/fitting-herren-koerpergroesse-185-189cm-schritt-2\/\">185cm bis 189cm<\/a><br \/>\n<a href=\"http:\/\/golfprodiscount.de\/dev\/fitting-herren-koerpergroesse-190-194cm-schritt-2\/\">190cm bis 194cm<\/a><br \/>\n<a href=\"http:\/\/golfprodiscount.de\/dev\/fitting-herren-koerpergroesse-195-205cm-schritt-2\/\">195cm bis 205cm<\/a><\/p>\n<p>F\u00fcr den n\u00e4chsten Schritt sollten Sie ein Ma\u00dfband oder einen Zollstock zur Hand haben &#8211; und idealerweise auf die Hilfe einer zweiten Person zur\u00fcckgreifen k\u00f6nnen.<\/p>\n<p><strong>Wussten Sie schon?<\/strong><br \/>\nTrauen Sie nicht der Gr\u00f6\u00dfenangabe in Ihrem Personalausweis! Nicht nur, dass diese oft nur ein ungef\u00e4hrer Wert ist &#8211; im Lauf der Jahre ver\u00e4ndert sich die K\u00f6rpergr\u00f6\u00dfe auch. Messen Sie sich am besten zur gleichen Zeit, zu der Sie \u00fcblicherweise Golf spielen, denn sogar im Verlauf eines Tages variiert die Gr\u00f6\u00dfe!<\/p>\n","protected":false},"excerpt":{"rendered":"<p>Die richtige Schaftl\u00e4nge f\u00fcr Ihren individuellen Golfschl\u00e4ger erfahren Sie in zwei Schritten. Au\u00dferdem geben wir Ihnen ausgehend von diesen Angaben eine Empfehlung f\u00fcr den richtigen Lie. Bitte verraten Sie uns zuerst Ihre K\u00f6rpergr\u00f6\u00dfe: 160cm bis 164cm 165cm bis 169cm 170cm bis 174cm 175cm bis 184cm 185cm bis 189cm 190cm bis 194cm 195cm bis 205cm F\u00fcr den n\u00e4chsten Schritt sollten Sie [&hellip;]<\/p>\n","protected":false},"author":1,"featured_media":0,"parent":0,"menu_order":0,"comment_status":"closed","ping_status":"closed","template":"","meta":[],"_links":{"self":[{"href":"https:\/\/golfprodiscount.de\/dev\/wp-json\/wp\/v2\/pages\/99"}],"collection":[{"href":"https:\/\/golfprodiscount.de\/dev\/wp-json\/wp\/v2\/pages"}],"about":[{"href":"https:\/\/golfprodiscount.de\/dev\/wp-json\/wp\/v2\/types\/page"}],"author":[{"embeddable":true,"href":"https:\/\/golfprodiscount.de\/dev\/wp-json\/wp\/v2\/users\/1"}],"replies":[{"embeddable":true,"href":"https:\/\/golfprodiscount.de\/dev\/wp-json\/wp\/v2\/comments?post=99"}],"version-history":[{"count":3,"href":"https:\/\/golfprodiscount.de\/dev\/wp-json\/wp\/v2\/pages\/99\/revisions"}],"predecessor-version":[{"id":144,"href":"https:\/\/golfprodiscount.de\/dev\/wp-json\/wp\/v2\/pages\/99\/revisions\/144"}],"wp:attachment":[{"href":"https:\/\/golfprodiscount.de\/dev\/wp-json\/wp\/v2\/media?parent=99"}],"curies":[{"name":"wp","href":"https:\/\/api.w.org\/{rel}","templated":true}]}}